{"id":915,"date":"2021-04-09T01:41:10","date_gmt":"2021-04-08T22:41:10","guid":{"rendered":"http:\/\/aizputesmebeles.lv\/?post_type=product&#038;p=915"},"modified":"2026-04-07T02:20:04","modified_gmt":"2026-04-06T23:20:04","slug":"gulta-santa","status":"publish","type":"product","link":"https:\/\/aizputesmebeles.lv\/?product=gulta-santa","title":{"rendered":"Gulta &#8220;SANTA&#8221;"},"content":{"rendered":"<p>Gulta &#8221; Santa &#8221; izgatavota no melnalk\u0161\u0146a mas\u012bvkoka un ir ar m\u016bsdien\u012bgu dizainu. Gulta ir izgatavota no 30 mm bieza materi\u0101la kas padara gultas konstrukciju stabilu un iztur\u012bgu. Galvga\u013ca aug\u0161\u0113j\u0101 deta\u013ca un k\u0101jgala k\u0101ju forma ir pusapa\u013ca kas pasarg\u0101 no traum\u0113\u0161an\u0101s uz asiem st\u016briem.<br \/>\nGultas b\u0101zes komplekt\u0101 ir iek\u013cauts gultas karkass ar izm\u0113riem s\u0101kot no 120 platuma ar\u012b vidus l\u012bste ar regul\u0113jamu centr\u0101lo atbalsta k\u0101ju.<br \/>\nMatra\u010da atbalsta l\u012bstes ( redele), ve\u013cas kastes zem gultas vai dekorat\u012bvais panelis k\u0101jgal\u012b nav iek\u013cauta b\u0101zes cen\u0101! \u0160\u012bs komplekt\u0113jo\u0161\u0101s da\u013cas var ieg\u0101d\u0101ties atsevi\u0161\u0137i atbilsto\u0161i katra klienta vajadz\u012bb\u0101m.<\/p>\n<p><em> \u0160\u012b ir popul\u0101r\u0101k\u0101 gulta p\u0113c m\u016bsu pirc\u0113ju v\u0113rt\u0113juma!<\/em><\/p>\n","protected":false},"excerpt":{"rendered":"<p>Gulta &#8221; Santa &#8221; izgatavota no melnalk\u0161\u0146a mas\u012bvkoka un ir ar m\u016bsdien\u012bgu dizainu. Gulta ir izgatavota no 30 mm bieza materi\u0101la kas padara gultas konstrukciju stabilu un iztur\u012bgu. Galvga\u013ca aug\u0161\u0113j\u0101 deta\u013ca un k\u0101jgala k\u0101ju forma ir pusapa\u013ca kas pasarg\u0101 no traum\u0113\u0161an\u0101s uz asiem st\u016briem. Gultas b\u0101zes komplekt\u0101 ir iek\u013cauts gultas karkass ar izm\u0113riem s\u0101kot no [&hellip;]<\/p>\n","protected":false},"featured_media":4002,"comment_status":"open","ping_status":"closed","template":"","meta":[],"_links":{"self":[{"href":"https:\/\/aizputesmebeles.lv\/index.php?rest_route=\/wp\/v2\/product\/915"}],"collection":[{"href":"https:\/\/aizputesmebeles.lv\/index.php?rest_route=\/wp\/v2\/product"}],"about":[{"href":"https:\/\/aizputesmebeles.lv\/index.php?rest_route=\/wp\/v2\/types\/product"}],"replies":[{"embeddable":true,"href":"https:\/\/aizputesmebeles.lv\/index.php?rest_route=%2Fwp%2Fv2%2Fcomments&post=915"}],"wp:featuredmedia":[{"embeddable":true,"href":"https:\/\/aizputesmebeles.lv\/index.php?rest_route=\/wp\/v2\/media\/4002"}],"wp:attachment":[{"href":"https:\/\/aizputesmebeles.lv\/index.php?rest_route=%2Fwp%2Fv2%2Fmedia&parent=915"}],"curies":[{"name":"wp","href":"https:\/\/api.w.org\/{rel}","templated":true}]}}