{"id":888,"date":"2021-04-09T01:40:49","date_gmt":"2021-04-08T22:40:49","guid":{"rendered":"http:\/\/aizputesmebeles.lv\/?post_type=product&#038;p=888"},"modified":"2026-01-06T12:45:16","modified_gmt":"2026-01-06T10:45:16","slug":"divans-otto-ar-lifta-meha%c2%81nismu","status":"publish","type":"product","link":"https:\/\/aizputesmebeles.lv\/?product=divans-otto-ar-lifta-meha%c2%81nismu","title":{"rendered":"D\u012bv\u0101ns OTTO"},"content":{"rendered":"","protected":false},"excerpt":{"rendered":"<p>Ar lifta meh\u0101\u0081nismu<\/p>\n","protected":false},"featured_media":2675,"comment_status":"open","ping_status":"closed","template":"","meta":[],"_links":{"self":[{"href":"https:\/\/aizputesmebeles.lv\/index.php?rest_route=\/wp\/v2\/product\/888"}],"collection":[{"href":"https:\/\/aizputesmebeles.lv\/index.php?rest_route=\/wp\/v2\/product"}],"about":[{"href":"https:\/\/aizputesmebeles.lv\/index.php?rest_route=\/wp\/v2\/types\/product"}],"replies":[{"embeddable":true,"href":"https:\/\/aizputesmebeles.lv\/index.php?rest_route=%2Fwp%2Fv2%2Fcomments&post=888"}],"wp:featuredmedia":[{"embeddable":true,"href":"https:\/\/aizputesmebeles.lv\/index.php?rest_route=\/wp\/v2\/media\/2675"}],"wp:attachment":[{"href":"https:\/\/aizputesmebeles.lv\/index.php?rest_route=%2Fwp%2Fv2%2Fmedia&parent=888"}],"curies":[{"name":"wp","href":"https:\/\/api.w.org\/{rel}","templated":true}]}}