{"id":2712,"date":"2022-01-03T11:38:04","date_gmt":"2022-01-03T09:38:04","guid":{"rendered":"https:\/\/aizputesmebeles.lv\/?post_type=product&#038;p=2712"},"modified":"2026-01-06T13:17:29","modified_gmt":"2026-01-06T11:17:29","slug":"galds-ovalais","status":"publish","type":"product","link":"https:\/\/aizputesmebeles.lv\/?product=galds-ovalais","title":{"rendered":"Ov\u0101ls \u017eurn\u0101lu galds 100cm"},"content":{"rendered":"<p>Galds Ov\u0101lais 100 cm<\/p>\n<p>Garums &#8211; 100 cm<br \/>\nPlatums &#8211; 72 cm<br \/>\nAugstums &#8211; 54 cm<\/p>\n<p>Mas\u012bvkoka viesistabas galds ar divu l\u012bme\u0146u virsm\u0101m un Ov\u0101las formas virsmu bez asiem st\u016briem.<br \/>\nGalds tiek ra\u017eots s\u0113rijveid\u0101 un tiek lakots pamatton\u012b, kas atbilst dab\u012bgajai koka kr\u0101sai. Ir iesp\u0113jams galdu ton\u0113t rieksta, mahagona, pienaini balt\u0101 kr\u0101s\u0101 bet \u0161iem to\u0146iem tiek piem\u0113rota papildus samaksa (konsult\u0113jaties ar p\u0101rdev\u0113ju).<\/p>\n","protected":false},"excerpt":{"rendered":"<p>Galds Ov\u0101lais 100 cm Garums &#8211; 100 cm Platums &#8211; 72 cm Augstums &#8211; 54 cm Mas\u012bvkoka viesistabas galds ar divu l\u012bme\u0146u virsm\u0101m un Ov\u0101las formas virsmu bez asiem st\u016briem. Galds tiek ra\u017eots s\u0113rijveid\u0101 un tiek lakots pamatton\u012b, kas atbilst dab\u012bgajai koka kr\u0101sai. Ir iesp\u0113jams galdu ton\u0113t rieksta, mahagona, pienaini balt\u0101 kr\u0101s\u0101 bet \u0161iem to\u0146iem [&hellip;]<\/p>\n","protected":false},"featured_media":2713,"comment_status":"open","ping_status":"closed","template":"","meta":[],"_links":{"self":[{"href":"https:\/\/aizputesmebeles.lv\/index.php?rest_route=\/wp\/v2\/product\/2712"}],"collection":[{"href":"https:\/\/aizputesmebeles.lv\/index.php?rest_route=\/wp\/v2\/product"}],"about":[{"href":"https:\/\/aizputesmebeles.lv\/index.php?rest_route=\/wp\/v2\/types\/product"}],"replies":[{"embeddable":true,"href":"https:\/\/aizputesmebeles.lv\/index.php?rest_route=%2Fwp%2Fv2%2Fcomments&post=2712"}],"wp:featuredmedia":[{"embeddable":true,"href":"https:\/\/aizputesmebeles.lv\/index.php?rest_route=\/wp\/v2\/media\/2713"}],"wp:attachment":[{"href":"https:\/\/aizputesmebeles.lv\/index.php?rest_route=%2Fwp%2Fv2%2Fmedia&parent=2712"}],"curies":[{"name":"wp","href":"https:\/\/api.w.org\/{rel}","templated":true}]}}

Ovāls žurnālu galds 100cm

<p>Galds Ovālais 100 cm</p>
<p>Garums &#8211; 100 cm<br />
Platums &#8211; 72 cm<br />
Augstums &#8211; 54 cm</p>
<p>Masīvkoka viesistabas galds ar divu līmeņu virsmām un Ovālas formas virsmu bez asiem stūriem.<br />
Galds tiek ražots sērijveidā un tiek lakots pamattonī, kas atbilst dabīgajai koka krāsai. Ir iespējams galdu tonēt rieksta, mahagona, pienaini baltā krāsā bet šiem toņiem tiek piemērota papildus samaksa (konsultējaties ar pārdevēju).</p>

<p>Galds Ovālais 100 cm Garums &#8211; 100 cm Platums &#8211; 72 cm Augstums &#8211; 54 cm Masīvkoka viesistabas galds ar divu līmeņu virsmām un Ovālas formas virsmu bez asiem stūriem. Galds tiek ražots sērijveidā un tiek lakots pamattonī, kas atbilst dabīgajai koka krāsai. Ir iespējams galdu tonēt rieksta, mahagona, pienaini baltā krāsā bet šiem toņiem [&hellip;]</p>
