{"id":2596,"date":"2021-10-26T16:34:27","date_gmt":"2021-10-26T13:34:27","guid":{"rendered":"http:\/\/aizputesmebeles.lv\/?post_type=product&#038;p=2596"},"modified":"2023-02-17T00:42:28","modified_gmt":"2023-02-16T22:42:28","slug":"divans-misela","status":"publish","type":"product","link":"https:\/\/aizputesmebeles.lv\/?product=divans-misela","title":{"rendered":"D\u012bv\u0101ns MI\u0160ELA"},"content":{"rendered":"<p>D\u012bv\u0101ns &#8220;Mi\u0161ela&#8221;<\/p>\n<p>\u0112rts un ergonomisks d\u012bv\u0101ns ar komfortablu gu\u013camo vietu! D\u012bv\u0101nam ir putu matra\u010di uz lamel\u0113m kas p\u0101rvilkti ar puf\u012bgu p\u0101rvalku un d\u012bv\u0101nu izlai\u017eot neveidojas izteikta salaiduma vietu starp matra\u010diem. P\u0101rvalks ir no\u0146emams un l\u012bdz ar to vajadz\u012bbas gad\u012bjum\u0101 p\u0101rvalku var viegli izt\u012br\u012bt vai pat nomain\u012bt. D\u012bv\u0101nam ir divi da\u017e\u0101di s\u0113d\u0113\u0161anas sl\u012bpumi k\u0101 ar\u012b ve\u013cas kaste.<br \/>\nD\u012bv\u0101na \u0101r\u0113jie izm\u0113ri salikt\u0101 veid\u0101 ir &#8211; 100x195cm ~~<br \/>\nGu\u013cam\u0101 vieta ir &#8211; 130x195cm<\/p>\n","protected":false},"excerpt":{"rendered":"<p>D\u012bv\u0101ns &#8220;Mi\u0161ela&#8221; \u0112rts un ergonomisks d\u012bv\u0101ns ar komfortablu gu\u013camo vietu! D\u012bv\u0101nam ir putu matra\u010di uz lamel\u0113m kas p\u0101rvilkti ar puf\u012bgu p\u0101rvalku un d\u012bv\u0101nu izlai\u017eot neveidojas izteikta salaiduma vietu starp matra\u010diem. P\u0101rvalks ir no\u0146emams un l\u012bdz ar to vajadz\u012bbas gad\u012bjum\u0101 p\u0101rvalku var viegli izt\u012br\u012bt vai pat nomain\u012bt. D\u012bv\u0101nam ir divi da\u017e\u0101di s\u0113d\u0113\u0161anas sl\u012bpumi k\u0101 ar\u012b ve\u013cas [&hellip;]<\/p>\n","protected":false},"featured_media":2600,"comment_status":"open","ping_status":"closed","template":"","meta":[],"_links":{"self":[{"href":"https:\/\/aizputesmebeles.lv\/index.php?rest_route=\/wp\/v2\/product\/2596"}],"collection":[{"href":"https:\/\/aizputesmebeles.lv\/index.php?rest_route=\/wp\/v2\/product"}],"about":[{"href":"https:\/\/aizputesmebeles.lv\/index.php?rest_route=\/wp\/v2\/types\/product"}],"replies":[{"embeddable":true,"href":"https:\/\/aizputesmebeles.lv\/index.php?rest_route=%2Fwp%2Fv2%2Fcomments&post=2596"}],"wp:featuredmedia":[{"embeddable":true,"href":"https:\/\/aizputesmebeles.lv\/index.php?rest_route=\/wp\/v2\/media\/2600"}],"wp:attachment":[{"href":"https:\/\/aizputesmebeles.lv\/index.php?rest_route=%2Fwp%2Fv2%2Fmedia&parent=2596"}],"curies":[{"name":"wp","href":"https:\/\/api.w.org\/{rel}","templated":true}]}}