{"id":2582,"date":"2021-10-25T16:47:38","date_gmt":"2021-10-25T13:47:38","guid":{"rendered":"http:\/\/aizputesmebeles.lv\/?post_type=product&#038;p=2582"},"modified":"2026-01-06T12:11:47","modified_gmt":"2026-01-06T10:11:47","slug":"divans-otello-1","status":"publish","type":"product","link":"https:\/\/aizputesmebeles.lv\/?product=divans-otello-1","title":{"rendered":"D\u012bv\u0101ns OTELLO-1"},"content":{"rendered":"","protected":false},"excerpt":{"rendered":"<p>Ar rite\u0146u meh\u0101nismu<\/p>\n","protected":false},"featured_media":2583,"comment_status":"open","ping_status":"closed","template":"","meta":[],"_links":{"self":[{"href":"https:\/\/aizputesmebeles.lv\/index.php?rest_route=\/wp\/v2\/product\/2582"}],"collection":[{"href":"https:\/\/aizputesmebeles.lv\/index.php?rest_route=\/wp\/v2\/product"}],"about":[{"href":"https:\/\/aizputesmebeles.lv\/index.php?rest_route=\/wp\/v2\/types\/product"}],"replies":[{"embeddable":true,"href":"https:\/\/aizputesmebeles.lv\/index.php?rest_route=%2Fwp%2Fv2%2Fcomments&post=2582"}],"wp:featuredmedia":[{"embeddable":true,"href":"https:\/\/aizputesmebeles.lv\/index.php?rest_route=\/wp\/v2\/media\/2583"}],"wp:attachment":[{"href":"https:\/\/aizputesmebeles.lv\/index.php?rest_route=%2Fwp%2Fv2%2Fmedia&parent=2582"}],"curies":[{"name":"wp","href":"https:\/\/api.w.org\/{rel}","templated":true}]}}