{"id":2111,"date":"2021-07-03T12:59:35","date_gmt":"2021-07-03T09:59:35","guid":{"rendered":"http:\/\/aizputesmebeles.lv\/?post_type=product&#038;p=2111"},"modified":"2022-04-25T16:24:47","modified_gmt":"2022-04-25T13:24:47","slug":"xena","status":"publish","type":"product","link":"https:\/\/aizputesmebeles.lv\/?product=xena","title":{"rendered":"XENA"},"content":{"rendered":"<p><span dir=\"ltr\">XENA Augstas kvalit\u0101tes matracis ar da\u017e\u0101d\u0101m <\/span><span dir=\"ltr\">ciet\u012bbas PUR putu kubi\u0146iem. <\/span><span dir=\"ltr\">Abpus\u0113jais kubi\u0146u profils veido matracim 7 anotomisk\u0101s zonas. <\/span><span dir=\"ltr\">J\u016bsu mugurkauls vienm\u0113r b\u016bs pareizi novietots horizont\u0101l\u0101 st\u0101vokl\u012bi. <\/span><span dir=\"ltr\">J\u016bs varat izv\u0113l\u0113ties m\u012bkst\u0101ko (zilo) vai ciet\u0101ko (za\u013co) pusi. Piem\u0113rots <\/span><span dir=\"ltr\">visiem! Kubi\u0146u profils nodro\u0161ina labu ventil\u0101ciju un mitruma <\/span><span dir=\"ltr\">izgaro\u0161anu. P\u0101rvalks no auduma Lureks, var mazg\u0101t l\u012bdz 60 C. <\/span><span dir=\"ltr\">augstums 19 cm. Gul\u0113t\u0101ja svars l\u012bdz 130 kg.<\/span><\/p>\n","protected":false},"excerpt":{"rendered":"<p>XENA Augstas kvalit\u0101tes matracis ar da\u017e\u0101d\u0101m ciet\u012bbas PUR putu kubi\u0146iem. Abpus\u0113jais kubi\u0146u profils veido matracim 7 anotomisk\u0101s zonas. J\u016bsu mugurkauls vienm\u0113r b\u016bs pareizi novietots horizont\u0101l\u0101 st\u0101vokl\u012bi. J\u016bs varat izv\u0113l\u0113ties m\u012bkst\u0101ko (zilo) vai ciet\u0101ko (za\u013co) pusi. Piem\u0113rots visiem! Kubi\u0146u profils nodro\u0161ina labu ventil\u0101ciju un mitruma izgaro\u0161anu. P\u0101rvalks no auduma Lureks, var mazg\u0101t l\u012bdz 60 C. augstums [&hellip;]<\/p>\n","protected":false},"featured_media":2118,"comment_status":"open","ping_status":"closed","template":"","meta":[],"_links":{"self":[{"href":"https:\/\/aizputesmebeles.lv\/index.php?rest_route=\/wp\/v2\/product\/2111"}],"collection":[{"href":"https:\/\/aizputesmebeles.lv\/index.php?rest_route=\/wp\/v2\/product"}],"about":[{"href":"https:\/\/aizputesmebeles.lv\/index.php?rest_route=\/wp\/v2\/types\/product"}],"replies":[{"embeddable":true,"href":"https:\/\/aizputesmebeles.lv\/index.php?rest_route=%2Fwp%2Fv2%2Fcomments&post=2111"}],"wp:featuredmedia":[{"embeddable":true,"href":"https:\/\/aizputesmebeles.lv\/index.php?rest_route=\/wp\/v2\/media\/2118"}],"wp:attachment":[{"href":"https:\/\/aizputesmebeles.lv\/index.php?rest_route=%2Fwp%2Fv2%2Fmedia&parent=2111"}],"curies":[{"name":"wp","href":"https:\/\/api.w.org\/{rel}","templated":true}]}}