{"id":2051,"date":"2021-06-26T13:24:24","date_gmt":"2021-06-26T10:24:24","guid":{"rendered":"http:\/\/aizputesmebeles.lv\/?post_type=product&#038;p=2051"},"modified":"2025-03-01T11:23:11","modified_gmt":"2025-03-01T09:23:11","slug":"5-zonu-pocket-memory","status":"publish","type":"product","link":"https:\/\/aizputesmebeles.lv\/?product=5-zonu-pocket-memory","title":{"rendered":"5-zonu Pocket Memory uz r\u0101mja"},"content":{"rendered":"<p>Ortop\u0113disks matracis uz\u00a05-zonu atsperu bloka pamata -\u00abpocket\u00bb (255\u00a0atsperes\/m<sup>2<\/sup>), nodro\u0161ina pareizu mugurkaula st\u0101vokli miega laik\u0101. Prec\u012bz\u0101ks \u0137erme\u0146a svara izvietojums pa\u00a0zon\u0101m (galva, pleci, gurni, iegurnis, k\u0101jas).<br \/>\nSegums\u00a0\u2014 augsti tehnolo\u0123isks materi\u0101ls \u00abmemory foam\u00bb (viskoelastiks). Pie\u0146em anatomisku \u0137erme\u0146a formu. \u013boti labi atbalsta mugurkaulu t\u0101\u00a0dab\u012bg\u0101 st\u0101vokl\u012b, nodro\u0161inot musku\u013cu atsl\u0101bin\u0101\u0161anos. Netrauc\u0113 norm\u0101lai asinsritei.<br \/>\nVirsma p\u0101rkl\u0101ta ar\u00a0vatel\u012bna sl\u0101ni.<\/p>\n<nav class=\"woocommerce-breadcrumb\">\u2014 Atsperu bloks 5-zonu &#8220;Pocket&#8221;<br \/>\n\u2014 Koka r\u0101mis<br \/>\n\u2014 \u00abMemory Foam\u00bb<br \/>\n\u2014 Vatel\u012bns<\/nav>\n","protected":false},"excerpt":{"rendered":"<p>Ortop\u0113disks matracis uz\u00a05-zonu atsperu bloka pamata -\u00abpocket\u00bb (255\u00a0atsperes\/m2), nodro\u0161ina pareizu mugurkaula st\u0101vokli miega laik\u0101. Prec\u012bz\u0101ks \u0137erme\u0146a svara izvietojums pa\u00a0zon\u0101m (galva, pleci, gurni, iegurnis, k\u0101jas). Segums\u00a0\u2014 augsti tehnolo\u0123isks materi\u0101ls \u00abmemory foam\u00bb (viskoelastiks). Pie\u0146em anatomisku \u0137erme\u0146a formu. \u013boti labi atbalsta mugurkaulu t\u0101\u00a0dab\u012bg\u0101 st\u0101vokl\u012b, nodro\u0161inot musku\u013cu atsl\u0101bin\u0101\u0161anos. Netrauc\u0113 norm\u0101lai asinsritei. Virsma p\u0101rkl\u0101ta ar\u00a0vatel\u012bna sl\u0101ni. \u2014 Atsperu bloks 5-zonu [&hellip;]<\/p>\n","protected":false},"featured_media":2407,"comment_status":"open","ping_status":"closed","template":"","meta":[],"_links":{"self":[{"href":"https:\/\/aizputesmebeles.lv\/index.php?rest_route=\/wp\/v2\/product\/2051"}],"collection":[{"href":"https:\/\/aizputesmebeles.lv\/index.php?rest_route=\/wp\/v2\/product"}],"about":[{"href":"https:\/\/aizputesmebeles.lv\/index.php?rest_route=\/wp\/v2\/types\/product"}],"replies":[{"embeddable":true,"href":"https:\/\/aizputesmebeles.lv\/index.php?rest_route=%2Fwp%2Fv2%2Fcomments&post=2051"}],"wp:featuredmedia":[{"embeddable":true,"href":"https:\/\/aizputesmebeles.lv\/index.php?rest_route=\/wp\/v2\/media\/2407"}],"wp:attachment":[{"href":"https:\/\/aizputesmebeles.lv\/index.php?rest_route=%2Fwp%2Fv2%2Fmedia&parent=2051"}],"curies":[{"name":"wp","href":"https:\/\/api.w.org\/{rel}","templated":true}]}}