{"id":1952,"date":"2021-06-26T12:02:26","date_gmt":"2021-06-26T09:02:26","guid":{"rendered":"http:\/\/aizputesmebeles.lv\/?post_type=product&#038;p=1952"},"modified":"2023-05-20T18:03:34","modified_gmt":"2023-05-20T15:03:34","slug":"aizsargvirsmatracis-1-slana","status":"publish","type":"product","link":"https:\/\/aizputesmebeles.lv\/?product=aizsargvirsmatracis-1-slana","title":{"rendered":"Aizsargvirsmatracis 1-sl\u0101\u0146a"},"content":{"rendered":"<p>Virsmatracis ar \u010detriem gumijas stiprin\u0101jumiem st\u016bros.<br \/>\nAizsardz\u012bba no putek\u013cu \u0113rc\u012bt\u0113m, traipiem un net\u012brumiem. Kav\u0113 matra\u010da p\u0101rvalka novalk\u0101\u0161anos.<br \/>\nGaisa caurlaid\u012bgs, \u016bdens necaurlaid\u012bgs materi\u0101ls.<br \/>\nViegli mazg\u0101jams 40\u00b0\u0421, \u0101tri \u017e\u016bst, nav nepiecie\u0161am\u012bbas gludin\u0101t.<br \/>\nPieejami da\u017e\u0101di izm\u0113ri.<\/p>\n<div class=\"row\">\n<div class=\"col-md-2-50ths\">\n<div class=\"product_meta\"><\/div>\n<\/div>\n<\/div>\n","protected":false},"excerpt":{"rendered":"<p>Virsmatracis ar \u010detriem gumijas stiprin\u0101jumiem st\u016bros. Aizsardz\u012bba no putek\u013cu \u0113rc\u012bt\u0113m, traipiem un net\u012brumiem. Kav\u0113 matra\u010da p\u0101rvalka novalk\u0101\u0161anos. Gaisa caurlaid\u012bgs, \u016bdens necaurlaid\u012bgs materi\u0101ls. Viegli mazg\u0101jams 40\u00b0\u0421, \u0101tri \u017e\u016bst, nav nepiecie\u0161am\u012bbas gludin\u0101t. Pieejami da\u017e\u0101di izm\u0113ri.<\/p>\n","protected":false},"featured_media":2458,"comment_status":"open","ping_status":"closed","template":"","meta":[],"_links":{"self":[{"href":"https:\/\/aizputesmebeles.lv\/index.php?rest_route=\/wp\/v2\/product\/1952"}],"collection":[{"href":"https:\/\/aizputesmebeles.lv\/index.php?rest_route=\/wp\/v2\/product"}],"about":[{"href":"https:\/\/aizputesmebeles.lv\/index.php?rest_route=\/wp\/v2\/types\/product"}],"replies":[{"embeddable":true,"href":"https:\/\/aizputesmebeles.lv\/index.php?rest_route=%2Fwp%2Fv2%2Fcomments&post=1952"}],"wp:featuredmedia":[{"embeddable":true,"href":"https:\/\/aizputesmebeles.lv\/index.php?rest_route=\/wp\/v2\/media\/2458"}],"wp:attachment":[{"href":"https:\/\/aizputesmebeles.lv\/index.php?rest_route=%2Fwp%2Fv2%2Fmedia&parent=1952"}],"curies":[{"name":"wp","href":"https:\/\/api.w.org\/{rel}","templated":true}]}}