{"id":1885,"date":"2021-06-26T11:17:41","date_gmt":"2021-06-26T08:17:41","guid":{"rendered":"http:\/\/aizputesmebeles.lv\/?post_type=product&#038;p=1885"},"modified":"2025-03-01T10:22:47","modified_gmt":"2025-03-01T08:22:47","slug":"cocolatex-memory","status":"publish","type":"product","link":"https:\/\/aizputesmebeles.lv\/?product=cocolatex-memory","title":{"rendered":"COCOLATEX MEMORY"},"content":{"rendered":"<p>Vair\u0101ksl\u0101\u0146u bezatsperu matracis. Maksim\u0101la elast\u012bba tiek pan\u0101kta kombin\u0113jot kokosa un lateksa sl\u0101\u0146us. Papildus komfortu nodro\u0161ina \u2014 memory foam.<br \/>\nSegums \u2014 augsti tehnolo\u0123isks materi\u0101ls \u00abmemory foam\u00bb (viskoelastiks). Pie\u0146em anatomisku \u0137erme\u0146a formu. Labi atbalsta mugurkaulu t\u0101 dab\u012bg\u0101 form\u0101 atsl\u0101binot musku\u013cus. Netrauc\u0113 norm\u0101lai asinsritei.<br \/>\nNo ab\u0101m pus\u0113m p\u0101rkl\u0101ts ar vatel\u012bna sl\u0101ni.<br \/>\nP\u0101rvalks no auduma step\u0113ta pa sintiponu ar r\u0101v\u0113jsl\u0113dzi.<br \/>\nMatra\u010da augstums \u2248 22cm.<\/p>\n<p>\u2014 \u00abMemory Foam\u00bb<br \/>\n\u2014 Latekss<br \/>\n\u2014 Latekss<br \/>\n\u2014 Kokosa pl\u0101ksne<br \/>\n\u2014 Vatel\u012bns<\/p>\n","protected":false},"excerpt":{"rendered":"<p>Vair\u0101ksl\u0101\u0146u bezatsperu matracis. Maksim\u0101la elast\u012bba tiek pan\u0101kta kombin\u0113jot kokosa un lateksa sl\u0101\u0146us. Papildus komfortu nodro\u0161ina \u2014 memory foam. Segums \u2014 augsti tehnolo\u0123isks materi\u0101ls \u00abmemory foam\u00bb (viskoelastiks). Pie\u0146em anatomisku \u0137erme\u0146a formu. Labi atbalsta mugurkaulu t\u0101 dab\u012bg\u0101 form\u0101 atsl\u0101binot musku\u013cus. Netrauc\u0113 norm\u0101lai asinsritei. No ab\u0101m pus\u0113m p\u0101rkl\u0101ts ar vatel\u012bna sl\u0101ni. P\u0101rvalks no auduma step\u0113ta pa sintiponu ar [&hellip;]<\/p>\n","protected":false},"featured_media":2456,"comment_status":"open","ping_status":"closed","template":"","meta":[],"_links":{"self":[{"href":"https:\/\/aizputesmebeles.lv\/index.php?rest_route=\/wp\/v2\/product\/1885"}],"collection":[{"href":"https:\/\/aizputesmebeles.lv\/index.php?rest_route=\/wp\/v2\/product"}],"about":[{"href":"https:\/\/aizputesmebeles.lv\/index.php?rest_route=\/wp\/v2\/types\/product"}],"replies":[{"embeddable":true,"href":"https:\/\/aizputesmebeles.lv\/index.php?rest_route=%2Fwp%2Fv2%2Fcomments&post=1885"}],"wp:featuredmedia":[{"embeddable":true,"href":"https:\/\/aizputesmebeles.lv\/index.php?rest_route=\/wp\/v2\/media\/2456"}],"wp:attachment":[{"href":"https:\/\/aizputesmebeles.lv\/index.php?rest_route=%2Fwp%2Fv2%2Fmedia&parent=1885"}],"curies":[{"name":"wp","href":"https:\/\/api.w.org\/{rel}","templated":true}]}}