{"id":1221,"date":"2021-04-09T01:43:33","date_gmt":"2021-04-08T22:43:33","guid":{"rendered":"http:\/\/aizputesmebeles.lv\/?post_type=product&#038;p=1221"},"modified":"2026-02-27T17:39:56","modified_gmt":"2026-02-27T15:39:56","slug":"trijstura-galds","status":"publish","type":"product","link":"https:\/\/aizputesmebeles.lv\/?product=trijstura-galds","title":{"rendered":"Trijst\u016bra galds"},"content":{"rendered":"<p>Trijst\u016bra galds<\/p>\n<p>Diametrs &#8211; 75 cm<br \/>\nAugstums &#8211; 51 cm<\/p>\n<p>Melnalk\u0161\u0146a mas\u012bvkoka trijst\u016bra galds ar divu l\u012bme\u0146u virsmu. Galds ir praktisks un kompakts un viegli p\u0101rvietojams pa telpu jo ir apr\u012bkots ar riten\u012b\u0161iem.<br \/>\nGalds tiek ra\u017eots s\u0113rijveid\u0101 un standart\u0101 tiek lakots dab\u012bg\u0101 koka ton\u012b. Galdu ir iesp\u0113jams ton\u0113t riekst, mahagona, pienaini balt\u0101 kr\u0101s\u0101. \u0160\u012bs papildus kr\u0101sas ir pieejamas par atsevi\u0161\u0137u samaksu (konsult\u0113jaties ar p\u0101rdev\u0113ju).<\/p>\n","protected":false},"excerpt":{"rendered":"<p>Trijst\u016bra galds Diametrs &#8211; 75 cm Augstums &#8211; 51 cm Melnalk\u0161\u0146a mas\u012bvkoka trijst\u016bra galds ar divu l\u012bme\u0146u virsmu. Galds ir praktisks un kompakts un viegli p\u0101rvietojams pa telpu jo ir apr\u012bkots ar riten\u012b\u0161iem. Galds tiek ra\u017eots s\u0113rijveid\u0101 un standart\u0101 tiek lakots dab\u012bg\u0101 koka ton\u012b. Galdu ir iesp\u0113jams ton\u0113t riekst, mahagona, pienaini balt\u0101 kr\u0101s\u0101. \u0160\u012bs papildus [&hellip;]<\/p>\n","protected":false},"featured_media":2707,"comment_status":"open","ping_status":"closed","template":"","meta":[],"_links":{"self":[{"href":"https:\/\/aizputesmebeles.lv\/index.php?rest_route=\/wp\/v2\/product\/1221"}],"collection":[{"href":"https:\/\/aizputesmebeles.lv\/index.php?rest_route=\/wp\/v2\/product"}],"about":[{"href":"https:\/\/aizputesmebeles.lv\/index.php?rest_route=\/wp\/v2\/types\/product"}],"replies":[{"embeddable":true,"href":"https:\/\/aizputesmebeles.lv\/index.php?rest_route=%2Fwp%2Fv2%2Fcomments&post=1221"}],"wp:featuredmedia":[{"embeddable":true,"href":"https:\/\/aizputesmebeles.lv\/index.php?rest_route=\/wp\/v2\/media\/2707"}],"wp:attachment":[{"href":"https:\/\/aizputesmebeles.lv\/index.php?rest_route=%2Fwp%2Fv2%2Fmedia&parent=1221"}],"curies":[{"name":"wp","href":"https:\/\/api.w.org\/{rel}","templated":true}]}}