{"id":1097,"date":"2021-04-09T01:42:29","date_gmt":"2021-04-08T22:42:29","guid":{"rendered":"http:\/\/aizputesmebeles.lv\/?post_type=product&#038;p=1097"},"modified":"2022-04-25T13:54:40","modified_gmt":"2022-04-25T10:54:40","slug":"matracis-seniora","status":"publish","type":"product","link":"https:\/\/aizputesmebeles.lv\/?product=matracis-seniora","title":{"rendered":"Matracis Seniora"},"content":{"rendered":"<p><strong>SENIORA <\/strong><\/p>\n<p>\u013boti iztur\u012bgs sendvi\u010da tipa matracis ar pastiprin\u0101t\u0101m s\u0101nu mal\u0101m. Speci\u0101li kvadr\u0101tveida izgriezumi piem\u0113roti pie gultas saist\u012btiem cilv\u0113kiem. Pastiprin\u0101t\u0101s s\u0101nu malas nodro\u0161ina malu stingr\u012bbu un ir daudz iztur\u012bg\u0101kas sal\u012bdzinot ar parastajiem matra\u010diem. \u00a0Izgriezumi matra\u010da virsk\u0101rt\u0101 nodro\u0161ina perfektu matra\u010da kodola ventil\u0101ciju. Pateicoties da\u017e\u0101da bl\u012bvuma putu sl\u0101\u0146iem matracis labi piel\u0101gojas j\u016bsu augumam un t\u0101d\u0113j\u0101di uzlabo miega komfortu. R\u0101v\u0113jsl\u0113dz\u0113js matra\u010da p\u0101rvalku sadala div\u0101s atsevi\u0161\u0137\u0101s da\u013c\u0101s &#8211; aug\u0161a un apak\u0161a.<\/p>\n<p>Standarta p\u0101rvalks OLYMPIC. P\u0101rvalku var mazg\u0101t\u00a060\u00b0C, Sast\u0101vs 100% polesters.<\/p>\n<p>Augstums ar p\u0101rvalku apm .: 18 cm<\/p>\n<p>Paredz\u0113ts cilv\u0113kiem ar svaru l\u012bdz 120 kg. Ciet\u012bba 2.<\/p>\n<p>Var izmantot no ab\u0101m pus\u0113m.<\/p>\n<p>Garantija 3 gadi.<\/p>\n<p><em>Iesp\u0113jams izgatavot jebkuru izm\u0113ru.<\/em><\/p>\n","protected":false},"excerpt":{"rendered":"<p>SENIORA \u013boti iztur\u012bgs sendvi\u010da tipa matracis ar pastiprin\u0101t\u0101m s\u0101nu mal\u0101m. Speci\u0101li kvadr\u0101tveida izgriezumi piem\u0113roti pie gultas saist\u012btiem cilv\u0113kiem. Pastiprin\u0101t\u0101s s\u0101nu malas nodro\u0161ina malu stingr\u012bbu un ir daudz iztur\u012bg\u0101kas sal\u012bdzinot ar parastajiem matra\u010diem. \u00a0Izgriezumi matra\u010da virsk\u0101rt\u0101 nodro\u0161ina perfektu matra\u010da kodola ventil\u0101ciju. Pateicoties da\u017e\u0101da bl\u012bvuma putu sl\u0101\u0146iem matracis labi piel\u0101gojas j\u016bsu augumam un t\u0101d\u0113j\u0101di uzlabo miega komfortu. [&hellip;]<\/p>\n","protected":false},"featured_media":1628,"comment_status":"open","ping_status":"closed","template":"","meta":[],"_links":{"self":[{"href":"https:\/\/aizputesmebeles.lv\/index.php?rest_route=\/wp\/v2\/product\/1097"}],"collection":[{"href":"https:\/\/aizputesmebeles.lv\/index.php?rest_route=\/wp\/v2\/product"}],"about":[{"href":"https:\/\/aizputesmebeles.lv\/index.php?rest_route=\/wp\/v2\/types\/product"}],"replies":[{"embeddable":true,"href":"https:\/\/aizputesmebeles.lv\/index.php?rest_route=%2Fwp%2Fv2%2Fcomments&post=1097"}],"wp:featuredmedia":[{"embeddable":true,"href":"https:\/\/aizputesmebeles.lv\/index.php?rest_route=\/wp\/v2\/media\/1628"}],"wp:attachment":[{"href":"https:\/\/aizputesmebeles.lv\/index.php?rest_route=%2Fwp%2Fv2%2Fmedia&parent=1097"}],"curies":[{"name":"wp","href":"https:\/\/api.w.org\/{rel}","templated":true}]}}