{"id":1048,"date":"2021-04-09T01:42:07","date_gmt":"2021-04-08T22:42:07","guid":{"rendered":"http:\/\/aizputesmebeles.lv\/?post_type=product&#038;p=1048"},"modified":"2025-03-29T20:32:54","modified_gmt":"2025-03-29T18:32:54","slug":"5-zone-pocket-memory","status":"publish","type":"product","link":"https:\/\/aizputesmebeles.lv\/?product=5-zone-pocket-memory","title":{"rendered":"5 zonu Pocket Memory"},"content":{"rendered":"<p>Ortop\u0113disks matracis uz\u00a05-zonu atsperu bloka pamata \u00abpocket\u00bb (255\u00a0atsperes\/m<sup>2<\/sup>), nodro\u0161ina pareizu mugurkaula st\u0101vokli miega laik\u0101. Prec\u012bz\u0101ks \u0137erme\u0146a svara izvietojums pa\u00a0zon\u0101m (galva, pleci, gurni, iegurnis, k\u0101jas).<br \/>\nSegums\u00a0\u2014 augsti tehnolo\u0123isks materi\u0101ls \u00abmemory foam\u00bb (viskoelastiks). Pie\u0146em anatomisku \u0137erme\u0146a formu. \u013boti labi atbalsta mugurkaulu t\u0101\u00a0dab\u012bg\u0101 st\u0101vokl\u012b, nodro\u0161inot musku\u013cu atsl\u0101bin\u0101\u0161anos. Netrauc\u0113 norm\u0101lai asinsritei.<\/p>\n<p>&nbsp;<\/p>\n<p>Otra puse \u2014 kokosa pl\u0101ksne \u2014 elast\u012bgs, dab\u012bgs, gaisa caurlaid\u012bgs pild\u012bjums.<\/p>\n<p>No ab\u0101m pus\u0113m p\u0101rkl\u0101ts ar vatel\u012bna sl\u0101ni.<\/p>\n<p>P\u0101rvalks no auduma step\u0113ta pa sintiponu ar r\u0101v\u0113jsl\u0113dzi.<\/p>\n<p>Matra\u010da augstums \u2248 22cm.<\/p>\n","protected":false},"excerpt":{"rendered":"<p>Ortop\u0113disks matracis uz\u00a05-zonu atsperu bloka pamata \u00abpocket\u00bb (255\u00a0atsperes\/m2), nodro\u0161ina pareizu mugurkaula st\u0101vokli miega laik\u0101. Prec\u012bz\u0101ks \u0137erme\u0146a svara izvietojums pa\u00a0zon\u0101m (galva, pleci, gurni, iegurnis, k\u0101jas). Segums\u00a0\u2014 augsti tehnolo\u0123isks materi\u0101ls \u00abmemory foam\u00bb (viskoelastiks). Pie\u0146em anatomisku \u0137erme\u0146a formu. \u013boti labi atbalsta mugurkaulu t\u0101\u00a0dab\u012bg\u0101 st\u0101vokl\u012b, nodro\u0161inot musku\u013cu atsl\u0101bin\u0101\u0161anos. Netrauc\u0113 norm\u0101lai asinsritei. &nbsp; Otra puse \u2014 kokosa pl\u0101ksne \u2014 elast\u012bgs, [&hellip;]<\/p>\n","protected":false},"featured_media":2421,"comment_status":"open","ping_status":"closed","template":"","meta":[],"_links":{"self":[{"href":"https:\/\/aizputesmebeles.lv\/index.php?rest_route=\/wp\/v2\/product\/1048"}],"collection":[{"href":"https:\/\/aizputesmebeles.lv\/index.php?rest_route=\/wp\/v2\/product"}],"about":[{"href":"https:\/\/aizputesmebeles.lv\/index.php?rest_route=\/wp\/v2\/types\/product"}],"replies":[{"embeddable":true,"href":"https:\/\/aizputesmebeles.lv\/index.php?rest_route=%2Fwp%2Fv2%2Fcomments&post=1048"}],"wp:featuredmedia":[{"embeddable":true,"href":"https:\/\/aizputesmebeles.lv\/index.php?rest_route=\/wp\/v2\/media\/2421"}],"wp:attachment":[{"href":"https:\/\/aizputesmebeles.lv\/index.php?rest_route=%2Fwp%2Fv2%2Fmedia&parent=1048"}],"curies":[{"name":"wp","href":"https:\/\/api.w.org\/{rel}","templated":true}]}}