{"id":1001,"date":"2021-04-09T01:41:45","date_gmt":"2021-04-08T22:41:45","guid":{"rendered":"http:\/\/aizputesmebeles.lv\/?post_type=product&#038;p=1001"},"modified":"2025-06-04T13:02:49","modified_gmt":"2025-06-04T10:02:49","slug":"poliuretana-matracis","status":"publish","type":"product","link":"https:\/\/aizputesmebeles.lv\/?product=poliuretana-matracis","title":{"rendered":"Porolons 10 cm"},"content":{"rendered":"<p>Matracis ide\u0101li piem\u0113rots kempingam.<\/p>\n<p>Pild\u012bjums \u2014 porolons (poliuret\u0101na putas) \u2014 elast\u012bgs, gaisa caurlaid\u012bgs. P\u0101rbaud\u012bts un dro\u0161s materi\u0101ls.<\/p>\n<p>P\u0101rvalks ar r\u0101v\u0113jsl\u0113dz\u0113ju no 100% kokvilnas auduma.<\/p>\n<p>Matra\u010da augstums \u2248 10cm.<\/p>\n","protected":false},"excerpt":{"rendered":"<p>Matracis ide\u0101li piem\u0113rots kempingam. Pild\u012bjums \u2014 porolons (poliuret\u0101na putas) \u2014 elast\u012bgs, gaisa caurlaid\u012bgs. P\u0101rbaud\u012bts un dro\u0161s materi\u0101ls. P\u0101rvalks ar r\u0101v\u0113jsl\u0113dz\u0113ju no 100% kokvilnas auduma. Matra\u010da augstums \u2248 10cm.<\/p>\n","protected":false},"featured_media":2429,"comment_status":"open","ping_status":"closed","template":"","meta":[],"_links":{"self":[{"href":"https:\/\/aizputesmebeles.lv\/index.php?rest_route=\/wp\/v2\/product\/1001"}],"collection":[{"href":"https:\/\/aizputesmebeles.lv\/index.php?rest_route=\/wp\/v2\/product"}],"about":[{"href":"https:\/\/aizputesmebeles.lv\/index.php?rest_route=\/wp\/v2\/types\/product"}],"replies":[{"embeddable":true,"href":"https:\/\/aizputesmebeles.lv\/index.php?rest_route=%2Fwp%2Fv2%2Fcomments&post=1001"}],"wp:featuredmedia":[{"embeddable":true,"href":"https:\/\/aizputesmebeles.lv\/index.php?rest_route=\/wp\/v2\/media\/2429"}],"wp:attachment":[{"href":"https:\/\/aizputesmebeles.lv\/index.php?rest_route=%2Fwp%2Fv2%2Fmedia&parent=1001"}],"curies":[{"name":"wp","href":"https:\/\/api.w.org\/{rel}","templated":true}]}}